 -2 - -7. Suppose 0 = h*y - 298 - 87. Is y a composite number?
True
Suppose 0 = -5*v + 3*v. Suppose -4*d = 2*t - 254, -4*t = -d + 3 + 38. Suppose o = v, k = o + 82 + d. Is k a prime number?
False
Let r be 42/(-2)*(-14 - -13). Suppose 0 = -t - 3 + 13. Let n = r - t. Is n a prime number?
True
Let h(l) be the first derivative of l**3/3 + 2*l**2 - 7*l + 1. Let c = -93 - -98. Is h(c) a composite number?
True
Let d = 53 - 16. Is d prime?
True
Suppose 0 = 3*t - b - 2164, 4*t + 7*b - 2860 = 2*b. Suppose 0 = -0*a + 4*a + q - t, -2*q = 5*a - 903. Is a composite?
False
Suppose 0 = 7*v - 2*v. Suppose 0 = -v*g + g - 167. Is g prime?
True
Suppose 0*l = -l + 3*b + 12, -3*l = -2*b - 15. Is -2*(l - 274/4) composite?
False
Let j(q) = -12*q**2 - 5*q + 4. Let t be j(-6). Is t/(-8) - 18/24 prime?
False
Let m(f) = 24*f**2 - 2*f + 4. Let k be m(3). Is k - (-1)/(3/3) prime?
False
Let v(r) = r**3 - 11*r**2 - 15*r - 13. Is v(14) composite?
True
Let y be (-6)/10 - (-6452)/20. Let d = -117 + y. Is d a prime number?
False
Let w(u) = -u - 3. Let r be w(-6). Let z(y) = -4*y - r*y**3 - 5*y**2 + 2*y**3 - 4 + 2*y**3 + y. Is z(6) a prime number?
False
Suppose 7*s = -17 + 59. Is ((-537)/s)/((-3)/6) a prime number?
True
Let d be (-1 - 4)*(-18)/(-45). Is 14*d/12*-3 a composite number?
False
Suppose 0 = u - 3*m - 160, 4*u - 180 - 500 = 4*m. Suppose -u = -4*b + 13. Is b a composite number?
False
Let h be (-11 - 1)/(-1 - 0). Is 951/h + 2/(-8) prime?
True
Let y be 6 - 1 - (2 + -1). Suppose 248 = 4*b + y*m, 0*b + 2*b - 4*m = 154. Is b a composite number?
False
Let w be (-5)/(((-140)/(-8))/(-7)). Is w - 137*2/(-2) a prime number?
True
Suppose 2*f = f + 95. Is f a prime number?
False
Let s = -1 - -3. Let i be (1 - 13)*2/s. Is (21/i)/(3/(-12)) a prime number?
True
Suppose 13*r - 5580 - 5509 = 0. Is r composite?
False
Let c(t) = t**3 - 6*t**2 - 20*t - 19. Is c(10) a prime number?
True
Let z be (-1 + 2 - 3) + 3. Is (1/z)/((-1)/(-47)) prime?
True
Suppose -5*a - 5 - 2 = -2*p, 2*p - 6 = 4*a. Let g(k) = 268*k. Let c be g(p). Let i = -141 + c. Is i a composite number?
False
Let j(m) = -21*m - 2. Suppose 2 - 5 = 3*i. Is j(i) prime?
True
Suppose z - 2 = 3*y + 2*z, 5*y + 18 = 2*z. Suppose -5 = -2*u + 3. Let d = u + y. Is d prime?
True
Is (45 + 2)*(-3 + 4) a composite number?
False
Is 2393 + 2 + (2 - 2) composite?
True
Suppose 0 = 2*b - 0*b - 2. Let g be ((-5)/(-2))/(b/526). Suppose 3*z - g = -2*z. Is z a composite number?
False
Let j(y) = -3*y - 6. Is j(-9) prime?
False
Suppose 1505 = 4*u + u. Is u a composite number?
True
Suppose 0 = 5*y - 2*y. Let f = -2 + y. Is 0 + (f + 3 - -18) prime?
True
Let k = 10 - 16. Let i(t) = t**3 + 7*t**2 + 5*t - 2. Let y be i(k). Suppose 0 = y*z - 3*h - 22, 0*z - 4*h = 4*z - 36. Is z a prime number?
True
Suppose -4*c + 1611 = 151. Is c composite?
True
Let y be (1/3)/(4/60). Let v(a) = a**2 - 4*a + 1. Let t be v(y). Suppose 2*w + t*x = x + 95, 5*x = -w + 40. Is w composite?
True
Let c be 76 - (0 + (3 - 2)). Suppose -n = -4*n - c. Is -3 + 2 - 2*n a composite number?
True
Let o be 20/(-3)*3/(-2). Suppose -m = -2*m - o. Let b = m - -32. Is b composite?
True
Let a(w) = -w + 5. Let x(b) = 2*b - 9. Let y(h) = 7*a(h) + 4*x(h). Let j be y(3). Suppose j*k - 38 = -0*k. Is k a composite number?
False
Suppose -i + 2*d = -3*d - 24, 0 = -3*i - 5*d - 28. Is 0 - (i + -3 + -90) a prime number?
False
Let r(j) = -2*j**3 - 9*j**2 - 8*j - 3. Let l be (-2 - -1) + -7 + 2. Let y be r(l). Suppose 3*c - 138 - y = 0. Is c prime?
True
Let a = -8 + 13. Suppose 0 = -0*u + a*u - 25, 4*h + 3 = 3*u. Suppose -h*c = c - 60. Is c composite?
True
Let s = -97 - -531. Suppose -z = z - s. Is z a prime number?
False
Suppose -2*s + 870 = 3*s. Suppose -b + s = 2*b. Is b prime?
False
Let o = 8 - 2. Let w be (-13)/(-5) - o/(-15). Suppose w*u - 22 = -4*v - 0*u, -2 = -u. Is v a prime number?
False
Suppose -5*s + 251 + 564 = 0. Suppose -b + s = 4*u, -3*u + 161 = b - u. Suppose -2*q - q + b = 0. Is q a composite number?
False
Let g be 2/(-3)*(3 + -6). Suppose -227 + 73 = -g*f. Is f a prime number?
False
Let m(c) = -154*c + 6. Let d(r) = 51*r - 2. Let s(z) = 8*d(z) + 3*m(z). Let f be s(3). Let j = -31 - f. Is j composite?
True
Suppose 80 + 9 = a. Is a composite?
False
Let m = 643 - -60. Is m prime?
False
Let p be 18/15*(2 - -3). Let a be p/4*(-2)/3. Is 3 - a*(-2 + 126) prime?
True
Let d = 64 - 30. Is d a prime number?
False
Suppose -2*k - 545 = -7*k. Is k prime?
True
Let x be -1 - -2 - (1 + -3). Suppose 0*n - n + x = l, n - 3 = 2*l. Suppose 2*g + 31 = n*g. Is g a prime number?
True
Let y = -3 - -5. Suppose -w = -y*w + 2. Suppose -111 = -w*m - m. Is m a prime number?
True
Let a(k) = k**2 - 3*k - 5. Suppose -i + 6*i - 25 = 0. Suppose 5*d + 0*h = -i*h + 60, 4*d - 5*h = 21. Is a(d) composite?
True
Suppose -8*b + 2*b = -2706. Is b a composite number?
True
Suppose -4*j - 6 = -w, -2*j = -5*w - 5 - 1. Let a(b) = 25*b**2 + 2*b + 1. Is a(j) composite?
False
Let f(c) = c - 2. Let t be f(2). Let g(s) = -s + 4. Let j be g(4). Is 1 + j - (t + -156) prime?
True
Suppose -4*n + 2722 = -3*l, 4*n - 5*l - 4189 = -1463. Is n a composite number?
True
Suppose -p - 2 = 3*z - 3*p, -5*z = -4*p + 4. Suppose a - 5*u - 3 = -z*u, 0 = a + 5*u - 13. Is -2*-2*98/a a composite number?
True
Is (98 - 9)*7/1 a prime number?
False
Let v(d) = d - 7. Let u be v(12). Suppose -s - 3*j + 22 = 0, u*s + 5*j + 0*j = 100. Is s prime?
True
Let a(s) = -s + 1. Suppose 4*f + 5*w + 5 = -3, -4*f + w - 8 = 0. Let c be a(f). Is c/6 - 14/(-4) a prime number?
False
Suppose -4*u + 1 + 4 = 3*t, -5*u = 5*t - 5. Suppose -u*z = -6*z. Suppose 0 = -3*p - 5*q + 1, 3*p + 3*q - 9 = z. Is p composite?
False
Let r(p) = 32*p**2 - 20*p + 17. Is r(10) a prime number?
False
Let g(s) = 67*s - 16. Is g(9) a prime number?
True
Let a be 328/(-16) + 2/(-4). Let j = 25 + a. Is j composite?
True
Let h(g) be the first derivative of -49*g**2/2 + 16*g + 3. Is h(-7) composite?
False
Let s = -9 - -6. Is (-2)/s*(-5 + 26) composite?
True
Let z = 6 + -6. Suppose -4*o + v - 5*v + 128 = z, 173 = 4*o - 5*v. Is o a prime number?
True
Let z be (-21 + 5)/(-1 + -1). Let k(b) = -b**3 + 9*b**2 - 6*b + 7. Is k(z) a composite number?
False
Suppose -3*b = 169 + 47. Let c be (b/10)/((-3)/60). Suppose -27 = -u - 5*p, -3*u - 2*p + c = u. Is u a prime number?
True
Suppose 2*j = -2*j + 260. Is j composite?
True
Suppose -4*p + 0*p + 24 = 0. Suppose p*k - 3*k - 273 = 0. Is k a composite number?
True
Suppose 3*l = 200 + 607. Suppose -2*v - 98 = -2*b, 2*v = 5*b + 3*v - l. Is b prime?
True
Suppose -5*l = 4*t - 224, 4*t = -6*l + 2*l + 180. Suppose w - l = 83. Is w a prime number?
True
Suppose 2*o - 4*o + 426 = 2*v, 0 = -5*o - 2*v + 1059. Is o a composite number?
False
Is (-4)/6 + 293/3 prime?
True
Suppose -5*u + 387 - 47 = 0. Let v = -37 - 9. Let f = u + v. Is f a prime number?
False
Suppose x - 19 = -4*z, 4*x - 4*z = -z. Is x a prime number?
True
Suppose w = d + 25, 4*w - 3*w + 3*d - 17 = 0. Let s = 3 + w. Is s a prime number?
False
Let d(q) = -6 - 31*q - 104*q + 0 + 3. Is d(-2) a composite number?
True
Let f(t) be the second derivative of 5*t**4/3 + 2*t**3/3 - 3*t**2/2 + 8*t. Is f(2) prime?
False
Let g(z) = z**3 - 5*z**2 - 4*z - 6. Let a be g(6). Suppose 3*b + 0 - a = 0. Suppose 0*p - 4*p - 3*d = -574, 0 = -p + b*d + 149. Is p prime?
False
Let m be (-1 - -22)/(24/16). Let v(h) = m*h**2 - 12*h + 3 + 12*h - 2. Is v(-3) composite?
False
Suppose -i + 209 = -2. Is i a composite number?
False
Let g be 6 - (2 + 3 - 2). Suppose 3*c - u - 418 = 0, -g*c + 4*u - 2*u = -413. Is c a prime number?
False
Suppose 2*x - x + 3*o - 5 = 0, 0 = 4*o. Let d(g) = -g**3 + 9*g**2 + 5*g - 6. Is d(x) prime?
False
Suppose c = 6*c - 25, 0 = 5*f - c - 95. Let n = f + 2. Is n a prime number?
False
Let h(x) = -x**2 - x + 1. Let g(v) be the first derivative of -2*v**3 - 13*v**2/2 + 13*v - 4. Let d(m) = -g(m) + 4*h(m). Is d(8) composite?
False
Let u(g) = 19*g**3 + 2*g + 11. Let i(q) = -9*q**3 - q - 5. Let h(o) = 13*i(o) + 6*u(o). Is h(-3) prime?
False
Let n be (2/(-4))/((-1)/(-2)). Let j(a) = 4*a. Let w be j(n). Is (2/w)/(4/(-152)) a composite number?
False
Let m(a) = a**3 + 22*a**2 + 33*a - 19. Is m(-14) a prime number?
True
Let h = 10 + -9. Let t = 30 + h. Is t a composite number?
False
Let x be 4 + -2 + -23 + 3. Let d = x + 55. Is d composite?
False
L